 - 60/7560*1116. Calculate w(k).
0
Suppose 56*t = 7*t - 196. Let y(g) = 1 - 8 - 5*g + 12. Determine y(t).
25
Let t(k) = -k**2 - 5*k. Suppose -2*w + 7*w + 292 = -4*m, 3*m + 222 = -3*w. Let b = m + 73. Give t(b).
0
Let f(c) = 2*c. Let x(z) = 11*z + 3. Let h(v) = 2*v + 1. Let m(s) = -6*h(s) + x(s). Let j(a) = 5*f(a) - m(a). Give j(-2).
-19
Let t = -26886 + 26884. Let n(v) = 3*v**3 + 2*v**2 - v - 1. Let y(x) = 7*x**3 + 4*x**2 - 3*x - 2. Let j(b) = 5*n(b) - 2*y(b). Give j(t).
-3
Let p(h) = h + 2. Let t = 27 - 19. Let y be (-4)/t*(-5 + 39). Let n = y + 15. Determine p(n).
0
Let y(k) be the first derivative of -6*k**2 + 2*k - 7179. Give y(-6).
74
Let p(y) = 8*y + 22. Let u = -2383 - -2382. Determine p(u).
14
Let r(d) be the first derivative of 105*d**2 - 146 - 198*d**2 + 99*d**2 - d. Determine r(-1).
-13
Let r(d) be the first derivative of d**3/3 - 8*d**2 + 9*d - 6844. What is r(15)?
-6
Let g(a) = 3*a + 109. Let s(u) = 120*u + 2361. Let z be s(-20). Calculate g(z).
-8
Let m(a) = a**2 - 65*a - 508. Let v be m(72). Let i(y) = 2*y**3 + 8*y**2 + 3*y + 15. What is i(v)?
3
Let n(o) = -48*o**3 + 17*o**2 - 38*o - 17. Let l(f) = -17*f**3 + 6*f**2 - 13*f - 6. Let d(x) = 17*l(x) - 6*n(x). Determine d(3).
-6
Let k(j) = 9*j**3 - 18*j**2 + j - 10. Let n(y) = -11*y**3 + 21*y**2 - 2*y + 11. Let v(t) = -5*k(t) - 4*n(t). Let z = -20 - -36. Let b = z + -9. Determine v(b).
-22
Let a = 78 + -76. Let u(z) = 3*z**2 + 507*z - 507*z - 1 + z**2. Determine u(a).
15
Suppose -5*i - 20 = 0, 252 - 976 = 3*z - 2*i. Let d = z + 243. Let n(b) = 6*b**3 - b**2 + b + 1. Determine n(d).
-7
Suppose 37*w - 190 - 143 = 0. Let r(k) = -3 - w*k**3 - 2*k + 5 + 10*k**3 + 6*k**2 + k**2 - 7*k. Determine r(-8).
10
Let x(b) = -3*b**3 - 3*b**2 + 2*b - 4. Suppose -t + 13 = 4*p + 49, -p - 20 = 3*t. Give x(t).
132
Let n(f) be the first derivative of f**4/4 - 5*f**3/3 + f**2/2 + 6*f - 3891. Suppose 3*x + x - 7 = u, -32 = -4*u - 4*x. Give n(u).
11
Let l(u) = -5*u - 156. Let g be l(-31). Let w(v) be the first derivative of -2*v**3/3 + v**2 + v + 2. What is w(g)?
-3
Let w(u) = 2*u**3 - 2*u**2 + u + 2. Let g be (-7)/42 + 1*327/18. Suppose 4*x = 2 + g. Suppose -4*c + x*z + 25 = -8, -z = -c + 7. Give w(c).
12
Let w(l) = 50*l + 72. Let q(i) = 16*i + 24. Let p(k) = 14*q(k) - 4*w(k). Determine p(-2).
0
Let i(o) = o**3 - 47*o**2 - 47*o - 64. Suppose 191 = 19*v - 721. Let u be i(v). Let p(c) = -c**3 - 17*c**2 - 17*c - 20. What is p(u)?
-4
Suppose 10*s + 3*s = -52. Let h(w) = 65 - w**3 - 206 - 2*w**2 + 73 + 72 - 2*w**2. Give h(s).
4
Suppose -2*y + 9 = y. Suppose 4*f - 11 = y*t - 0, -4*t = -f - 7. Let w(u) = -u**t - 5 - 4*u - 8*u**2 + 12 + 3*u + 2*u. What is w(-8)?
-1
Let u(k) = k**2 + 7*k - 1. Suppose 4*o + 6 = 22. Suppose 4*z + 4*w - 36 = 0, 18 = 2*z + 3*w - o. Let s be 8/20*z + -8 + -1. Give u(s).
-1
Let p(s) = 8*s - 5. Let b(r) = 6*r - 10. Let w(i) = -i - 2. Let v(o) = b(o) - 3*w(o). Let u(x) = -7*p(x) + 6*v(x). Let d = -25 - -35. What is u(d)?
-9
Let b be 3/(-4)*(-4)/(-1). Suppose -3*u - 19 = -5*c, 3*c - 5 = 5*u - 0. Let x(g) = 2 + g - 1 - u - 2 + 5. Determine x(b).
-1
Let b(l) = -l**2 + 54*l - 365. Let k be b(8). Suppose 12*w - k = 2*r + 13*w, -12 = 3*r + 3*w. Let s(y) = -7*y**3 - y + 1. Calculate s(r).
-7
Let v(w) = -2*w + 8. Suppose 2*n - 89 - 1225 = 0. Let b = n - 649. Determine v(b).
-8
Let d = 513 - 736. Let w = d - -217. Let r(u) = -2*u - 3. Give r(w).
9
Let w(p) = -19 - 6*p + 10*p - p - 15*p - p. Give w(-5).
46
Let l(b) = b**3 + 3*b**2 + b - 1. Suppose 63*d - 60*d = 288. Let p = 98 - d. Suppose 6 = p*r, -5*r + 8*r - 5 = -2*z. Give l(z).
1
Suppose 15*g = -19*g + 408. Suppose 3*b - 2*y - g = 0, 4 = b + 5*y - 8*y. Let r(o) = 4*o + 3. Give r(b).
19
Let s(m) = 3*m + m**2 - 8*m - 63 + 131 - 70. Let p = -27 + 26. Let t be (-164)/(-28) + p/(-7). What is s(t)?
4
Let u(v) = -2*v. Let a be u(-1). Suppose -2*r + a*t = -2, -5*r + t + 0*t - 11 = 0. Let j be 2 - ((r - -4) + -2). Let l(d) = 5*d + 1. Calculate l(j).
16
Let n be (-4)/14 - 5/7. Let m be (4 + (-40)/12)*21. Let z(j) = -m*j - 79 + 24 + 55. What is z(n)?
14
Let b(s) be the second derivative of s**4/4 + 5*s**3 + 5*s**2 + 831*s. Give b(-9).
-17
Let m(o) = 2*o**2 - 12*o + 9. Let z(x) = -x**2 + 8*x - 5. Let n(j) = -4*m(j) - 10*z(j). Give n(16).
14
Suppose -14*a + 10*a = 5*z - 30, 5*z - 15 = -a. Suppose -z*p = -8, 3*p = -3*r - 11 - 10. Let o(c) = -c - 8. Calculate o(r).
3
Let p(w) = 22*w**3 - 3*w**2 + 5*w + 4. Let q(j) = -2*j**3 - j**2 + 2*j + 1. Let a(m) = -p(m) + 3*q(m). Suppose 0 = -8*x + 4*x + 4. What is a(x)?
-28
Let l(k) = -k**3 - 8*k**2 - 5*k - 4. Let g be 10/(-2*(-2)/(-308)). Let q = g + 764. Give l(q).
-46
Suppose 2*j = -3*a + 7*j + 52, -a + 4*j = -8. Suppose 0*f = -2*b - 5*f + 5, -4*b + 4*f + a = 0. Let n(v) = 5*v - 2. Determine n(b).
23
Let u(h) = 7*h - 3. Let l(x) = 2*x**2 + 7*x + 26. Let a(n) = -l(n) - 3*u(n). What is a(-13)?
9
Let i(w) = -w**3 - 10*w**2 + w + 11. Suppose 8*c + 52 = 164. Let u = 9 + -6. Suppose 4*p = -l - c, u*l + 5*p + 28 = -7. Determine i(l).
1
Suppose -4*d + 3*v + 6 + 1 = 0, 6*v - 18 = 0. Let p(s) be the third derivative of -3/8*s**d - 1/60*s**5 + 0*s + 0 - 1/2*s**3 + 17*s**2. Give p(-8).
5
Let p(j) be the second derivative of -j**3/3 + 387*j. Let o(b) be the third derivative of -b**5/60 - 5*b**4/24 + 2*b**3/3 + 4*b**2. Let a be o(-5). Give p(a).
-8
Suppose -4*d = -2*b - 72, -4*d + 64 = d + 4*b. Let i(t) = -14 + 7 + d - 3*t. What is i(4)?
-3
Let d(z) = -16*z - 211. Suppose -16386 = 4*j - 16334. Calculate d(j).
-3
Let i = 7826 - 7806. Let y(m) = m**3 - 22*m**2 + 42*m - 33. What is y(i)?
7
Let t(a) be the third derivative of 1 - 1/60*a**5 - 7/6*a**3 + 0*a - 6*a**2 - 7/24*a**4. Determine t(-5).
3
Suppose -5*a - 195 = -4*m, -15*m + 5*a + 240 = -10*m. Let r = -56 + m. Let s(l) = -l - 15. What is s(r)?
-4
Suppose 0 = -33*g + 36*g + 36. Let s(h) = 4*h**3 + 9*h**2 + 7*h + 13. Let f(u) = 5*u**3 + 8*u**2 + 9*u + 16. Let v(p) = -3*f(p) + 4*s(p). Determine v(g).
-8
Suppose -6*t - 15 = -3*j - 11*t, j - 5 = 3*t. Suppose 36 = j*f - 39. Let l(a) = -7*a**2 + f - 25 + 8*a**2 + 7*a. What is l(-7)?
-10
Let c(f) = 3*f + 5. Let q be -63*11/132*(-4)/3. Let u(p) = -p**3 + 5*p**2 - p + 5. Let t be u(5). Suppose d + q*d - 32 = t. What is c(d)?
17
Let a = 8564 + -8568. Let g(s) = -2 + 6*s**2 - 2*s - 7*s**2 + s. Determine g(a).
-14
Let r(s) = s - 1. Let b = 40 - 10. Let g = b - 17. Suppose -3*q - w - 3 = 0, 1 = -4*w + g. What is r(q)?
-3
Suppose 2*j - 3 = -2*p + 1, 0 = j + 1. Let o(z) = z**2 - 6*z + z**3 - p*z**2 + 4 - 3*z**2. Suppose 342 = 52*k - 20*k + 25*k. What is o(k)?
4
Let x(k) be the third derivative of 1/24*k**4 + 0*k + 0 - 2*k**3 - 5*k**2. Suppose 2*i - 168 = -156. Calculate x(i).
-6
Let j(l) = -l**3 - 7*l**2 + 10*l + 18. Let k be ((-23)/((-1449)/336))/((-2)/3). Calculate j(k).
2
Let o(q) = 15*q**2 + 2*q - 1. Let f be (-2 + 0 + 3)*-54. Suppose -7*j + 124 = -261. Let g = j + f. Determine o(g).
16
Let w(r) = 5*r - 14. Let i(d) = -17*d + 106. Let y(m) = i(m) + 3*w(m). What is y(31)?
2
Let p be 28/98 - 313/(-7). Suppose p = -10*x + x. Let k(g) = -8*g - 5. Calculate k(x).
35
Let p be 0/(-4) + -4 + 28. Let c(r) = -16*r - 2 - 7*r + p*r + 4. Determine c(-2).
0
Let c(g) = -g**3 + 3*g**2 + 4*g + 14. Let t = -1252 + 1257. Calculate c(t).
-16
Let r(f) = f**3 + 6*f**2 + 2*f. Suppose 0 = -2*s - 10, -4*i - 2*s = -70 - 16. Let x = -12 + i. Suppose -z = x - 7. Determine r(z).
15
Let a(h) = 1146 - 5*h - 610 - 548. Calculate a(-4).
8
Let y(w) = w**2 - 40*w + 64. Let f be y(24). Let s = 314 + f. Let l(g) = -5*g - 15. Calculate l(s).
15
Let a(y) = 84*y**2 + 10*y - 38. Let o be a(4). Let c(m) = 671*m + 670*m - o*m + m**2 - 3. Let p = 11 + -6. Determine c(p).
-3
Let l(z) = z**2 - 6*z + 6. Let c(h) be the second derivative of 0 + 1/2*h**2 + 21*h + 1/12*h**4 + 2/3*h**3. Let w be c(-5). What is l(w)?
6
Let j(b) be the second derivative of b**5/60 - b**4/8 - b**3/6 - 6*b**2 + 56*b. Let l(r) be the first derivative of j(r). Give l(5).
9
Let n(z) = -3 - 2 + 325*z + 5*z**2 + 0*z**2 - 5 - 329*z. Let w(f) = f**2 - 1. Let i be (-9)/(-12)*4 - -3. Let l(y) = i*w(y) - n(y). Calculate l(-4).
4
Let m(z) = -5*z - 1. Let p(y) = 40*y + y**2 - 42*y - 2 - 5. Let t be p(4). Calculate m(t).
-6
Let p(q) be the third derivative of -q**5/12 + q**4/12 + q**3/6 - 22*q**2 + 1. Let n(g) = g**2 - 